divided by z.
5
Suppose -3*f = -t + 3*t - 14, -5*t + 14 = 4*f. Calculate the remainder when 33 is divided by f.
3
Suppose 3 = -3*k + 12. Suppose -2*y - 5*n + 130 = k*y, 3*y + 4*n - 77 = 0. Suppose -42 = 2*l - 202. What is the remainder when l is divided by y?
26
Suppose 476 = -3*q + 482. Suppose -12 = 2*f - 5*f. What is the remainder when f is divided by q?
0
Let p(d) = -5*d - 21. Let f be p(-14). Suppose 155 = k + f. Calculate the remainder when k is divided by 27.
25
Suppose 7*d - 288 = d. Suppose -4*j = -7*j + d. Calculate the remainder when j is divided by 6.
4
Let u = -884 - -932. Let k(f) = f**2 + 2*f + 1. What is the remainder when u is divided by k(-6)?
23
Suppose -8 = 4*t, 3*r - 152 = 5*t + 44. What is the remainder when r is divided by 28?
6
Let s(d) = d**3 + 9*d**2 - 3*d - 2. Calculate the remainder when 1743 is divided by s(3).
94
Let j(x) = -x**2 + 11*x + 11. Let d = 29 - 19. What is the remainder when j(d) is divided by 12?
9
Suppose -223 = -2*d + 5*b, -3*b + 466 = 4*d + 33. Calculate the remainder when d is divided by 35.
4
Let m be 36/21 - (-4)/14. Suppose 0 = -m*g - 16 + 64. Let q = g - 14. What is the remainder when 17 is divided by q?
7
Let c(k) = k - 17. Let f be c(7). Let p(o) = o**2 + 13*o + 11. Let d be p(f). Let i = 26 + d. What is the remainder when i is divided by 5?
2
Let r(x) = x**3 - x**2 - 21. Let w be r(0). Let h = w - -24. Suppose h*s - 53 - 7 = 0. Calculate the remainder when s is divided by 7.
6
What is the remainder when 191 is divided by -1 + 15/12*20?
23
Suppose 183 = 5*s - 2*s. Calculate the remainder when s is divided by 4*13/312 - (-190)/12.
13
Suppose -18*d - 22 = -20*d. What is the remainder when 285 is divided by d?
10
Let x = 1602 - 921. What is the remainder when x is divided by 19?
16
Suppose 0 = -y + 4*l + 128, 3*y - 3*l = 2*y + 126. What is the remainder when y is divided by 21?
15
Suppose 2*p = 2*r - 6 + 218, -3*p = 2*r - 288. Let c(a) = 9*a + 6. Calculate the remainder when p is divided by c(5).
49
Suppose 0 = -2*j - j + 15, 24 = f + 5*j. Let o = f - -1. Suppose 0 = y + 2*w - 14, o = 2*y - 5*w + 4 - 14. Calculate the remainder when 28 is divided by y.
8
Suppose u - 75 = -2*u. Suppose 424 = -c + 5*c. Suppose -2*o + 0*x + c = 2*x, -114 = -2*o - 4*x. What is the remainder when o is divided by u?
24
Suppose 33*b + 92 = i + 36*b, 4*i - 2*b = 368. What is the remainder when i is divided by 16?
12
Suppose 0 = -2*z + 3 + 3. Suppose -4*k + 4 - 18 = -5*s, -5*k = z*s - 38. Suppose 60 = m + 3*m. What is the remainder when m is divided by s?
3
Let p(r) = 5*r + 1. Suppose 2*k + 85 = z - k, 5*k - 325 = -3*z. Calculate the remainder when z is divided by p(5).
22
What is the remainder when 81 is divided by -10*(-1)/1 + (-30)/(-15)?
9
Let h be 3 - 28/((-2)/(-1)). Let l be 3/((-15)/(-650))*(-2)/(-4). Let o = l - h. What is the remainder when o is divided by 13?
11
Let x = 16 + -16. Calculate the remainder when 19 is divided by (-4 - -10) + (x - -1).
5
Suppose -10 = -n - 3*t, -n + 5*t = n - 31. Suppose n*b - 14*b = -63. What is the remainder when b is divided by 22?
19
What is the remainder when 93 is divided by (-2 - -5) + 248/8 + -2?
29
Suppose -5*n + a = -270, 2*a + 96 - 33 = n. Calculate the remainder when 234 is divided by n.
22
What is the remainder when 540/10 - (0 - (5 - -1)) is divided by 24?
12
Suppose -4*o - 117 = -4*y - 5*o, 4*y - 132 = 4*o. Suppose 13*s - 171 = 10*s. What is the remainder when s is divided by y?
27
Let b = 2 + 5. Let k be 3 + 6/(12/(-70)). Let h = k + 59. Calculate the remainder when h is divided by b.
6
Let q = 33 - 28. Calculate the remainder when (q + -10)/(-1 - 0) is divided by 4.
1
Let b = 112 + -110. Suppose 3*v = 7*x - b*x + 450, 0 = 4*x - 12. What is the remainder when v is divided by 26?
25
Let r = 5 - 0. Suppose 0 = o + 4*k - 102, 3 = -2*k + r*k. Calculate the remainder when o is divided by 25.
23
Let f be (6/(-15))/(5/(-50)). Let d(w) = 3*w + 10. Calculate the remainder when 84 is divided by d(f).
18
Let i(t) = t**3 + 18*t**2 + t + 7. Calculate the remainder when i(-16) is divided by 24.
23
Calculate the remainder when 10 - 387/(-27)*9 is divided by 47.
45
Let f(i) = i**3 - 6*i**2 + 6*i - 9. Let a be 2*33*(4/(-12) + 1). Suppose -a*q = -45*q + 14. Calculate the remainder when f(6) is divided by q.
13
Suppose -66 = -12*j + 198. Calculate the remainder when j is divided by 14.
8
Suppose 9*b - 5*b - q = 513, -3*q - 3 = 0. What is the remainder when b is divided by 26?
24
Let p = 2301 + -2246. Calculate the remainder when 118 is divided by p.
8
Suppose 0 = z - 4 + 3. Let s = z - 0. Calculate the remainder when 25 is divided by (10 - 6)*1/s.
1
Let b(n) = 2*n**2 + 7*n - 7. Calculate the remainder when 30 is divided by b(-5).
6
Suppose -6*f - 768 = 864. Let b = -223 - f. Calculate the remainder when b is divided by 132/5 + (-4)/10.
23
Let t be (-12 - -2)/((-2)/(-4)). Let d be (0 + t/(-12))*3. Suppose -d*s + 269 = -76. Calculate the remainder when s is divided by 24.
21
Let i(p) = 82*p**2 + 7*p + 4. Calculate the remainder when i(-2) is divided by 46.
42
Let l(k) = k**2 + 5*k + 4. Suppose -3*z = z - 116. Suppose 0 = 3*m - 4*m + z. Calculate the remainder when m is divided by l(-6).
9
Let b = 104 - -207. What is the remainder when b is divided by 63?
59
Suppose -y + 4*g = -2*y - 12, 0 = y + 3*g + 8. Let r = 7 + y. What is the remainder when 19 is divided by r?
8
Let n be (-2 - 1*50) + (-5)/(-5). Let c = n - -73. Calculate the remainder when 130 is divided by c.
20
Calculate the remainder when 38 is divided by (((-72)/(-15))/4)/(8/60).
2
Suppose -2*a = 43*a - 405. What is the remainder when 44 is divided by a?
8
Let y = -27 - -55. Suppose -c = 0, 5*j = c + 4*c + 45. Suppose -j*w - 6 = -483. Calculate the remainder when w is divided by y.
25
Suppose p + 7 = 34. What is the remainder when p is divided by (-31 + 14 - -14)/((-1)/5)?
12
Suppose 3*f + 3 = -27. What is the remainder when (20 + f)*(1 - -1) is divided by 7?
6
Suppose 0*j - 39 = -2*y + 5*j, -4*j + 48 = 5*y. Calculate the remainder when y is divided by 8.
4
Let h(n) = -n**2 - 41*n - 3. Calculate the remainder when h(-36) is divided by 37.
29
Suppose -5*d + 20 = 0, 0*k + 2*d - 653 = -k. What is the remainder when k is divided by 27?
24
Let b = 0 - -2. Let g be (3 - b)/((-3)/(-105)). Let d = g + -24. What is the remainder when 42 is divided by d?
9
Suppose 0 = j - 0 - 4. Suppose -j = 5*h + 2*t - 3, -2*t - 10 = -4*h. Suppose 2*w - 13 = -h. What is the remainder when 10 is divided by w?
4
What is the remainder when 379 is divided by 115 + -117 - 3*-7?
18
Let o be (-29)/2 - 27/18. Let z be 8/o + 1/(-2). What is the remainder when 35 is divided by 18/(1 - (-1 - z))?
17
Let y(r) = 7*r**2 - r + 14. What is the remainder when y(4) is divided by 31?
29
Suppose 0 = -47*s - 48*s + 1425. Let t = 89 - 31. What is the remainder when t is divided by s?
13
Let g = -178 - -85. Let a = -86 - g. Calculate the remainder when 33 is divided by a.
5
Let y(b) = b**3 + 4*b**2 - 5*b. What is the remainder when 33 + 32/4 + 4/(-1) is divided by y(-4)?
17
What is the remainder when 167 is divided by 49*(12/6 + -1)?
20
Suppose 31 + 149 = 3*n. Let i = 72 - n. Calculate the remainder when i is divided by 5.
2
Let c(s) = 13*s - 16. What is the remainder when c(9) is divided by 8?
5
Suppose 0 = -2*n + 5*g + 36, 2*g = 6*g + 16. Suppose -7*y + 4*y + 3*k = -30, 0 = y - 2*k - n. Calculate the remainder when (-2 + -1)*(-47)/6*2 is divided by y.
11
Suppose 0 = -3*x - 0*x + 255. Suppose -2*t + 41 = 3*q, 2*t + q + q - 42 = 0. Calculate the remainder when x is divided by t.
19
Let h = 2584 - 625. Suppose -1254 = 3*d + h. What is the remainder when 4/(-14) - d/147 is divided by 4?
3
Let l = -30 - -17. What is the remainder when 77 is divided by (-2 - -4)*l/(-2)?
12
Let a(x) = 6*x + 28. What is the remainder when 64 is divided by a(1)?
30
What is the remainder when (-2)/((4 + -6)/26) is divided by 4?
2
Let t(l) = -l**2 + 8*l - 7. Let x = 0 - -5. What is the remainder when 31 is divided by t(x)?
7
Let m(g) = 32*g + 2. Let o be m(1). Let l = 64 - o. What is the remainder when l is divided by 16?
14
Calculate the remainder when 139 is divided by (72/14)/(27/126).
19
Let h(m) be the second derivative of -m**3/6 - 4*m**2 + 4*m. Let r be h(-6). Let s = r - -31. Calculate the